st common divisor of 1090899 and 106?
53
Calculate the greatest common factor of 909 and 19398969.
909
Calculate the highest common factor of 133 and 146699.
133
Calculate the highest common factor of 2503 and 1.
1
What is the highest common factor of 11856 and 2508?
228
What is the greatest common divisor of 5374898 and 514?
514
Calculate the highest common factor of 759 and 51579.
33
What is the greatest common divisor of 546 and 213096?
78
What is the highest common divisor of 1389610 and 1185?
395
Calculate the highest common divisor of 105424 and 176.
176
What is the greatest common factor of 182 and 70525?
91
Calculate the highest common factor of 6 and 41904.
6
What is the greatest common factor of 300 and 111950?
50
Calculate the highest common factor of 245 and 398615.
245
What is the highest common divisor of 64494 and 54?
18
What is the greatest common factor of 1793813 and 763?
763
Calculate the highest common divisor of 2571 and 93.
3
Calculate the greatest common factor of 1206180 and 720.
180
What is the greatest common divisor of 8119 and 16491?
23
What is the highest common factor of 273 and 25571?
91
Calculate the highest common divisor of 28962 and 18.
18
Calculate the highest common divisor of 624842 and 134.
134
Calculate the greatest common divisor of 49620 and 12120.
60
What is the highest common divisor of 177 and 507931?
59
Calculate the greatest common factor of 1294 and 25845062.
1294
Calculate the greatest common divisor of 2751 and 234717.
21
What is the greatest common factor of 968375 and 1?
1
What is the greatest common factor of 1220 and 153293?
61
Calculate the highest common factor of 1068 and 60609.
267
Calculate the highest common factor of 13205 and 13761.
139
What is the greatest common divisor of 6658841 and 511?
511
Calculate the greatest common factor of 12033 and 21609.
63
Calculate the greatest common divisor of 66502 and 164.
82
What is the greatest common factor of 6453 and 54014?
239
What is the highest common divisor of 4501651 and 2534?
1267
Calculate the greatest common divisor of 52959 and 1143.
381
What is the highest common factor of 328 and 4680?
8
What is the highest common divisor of 227058 and 33579?
1599
What is the greatest common divisor of 754 and 6322?
58
What is the highest common factor of 1737 and 441?
9
Calculate the greatest common divisor of 56 and 57656.
8
What is the highest common divisor of 2652 and 31314?
102
Calculate the greatest common factor of 28800 and 639.
9
Calculate the greatest common factor of 541025 and 209.
19
Calculate the highest common factor of 9 and 3554028.
9
What is the highest common factor of 212 and 30581?
53
Calculate the highest common divisor of 75 and 2140025.
25
Calculate the highest common divisor of 483 and 29624.
161
What is the highest common factor of 2560 and 172600?
40
Calculate the greatest common factor of 1194 and 150842.
398
What is the greatest common divisor of 147 and 178899?
147
Calculate the highest common divisor of 3157 and 165025.
287
What is the highest common divisor of 108 and 1350?
54
Calculate the highest common factor of 2143340 and 1240.
620
What is the greatest common factor of 6705 and 2384?
149
Calculate the greatest common divisor of 41499 and 8109.
477
What is the greatest common divisor of 1197 and 62111?
133
Calculate the highest common factor of 1376741 and 1497.
499
What is the greatest common factor of 71302 and 88?
22
Calculate the highest common divisor of 56 and 10202.
2
What is the greatest common factor of 1589 and 1008?
7
Calculate the greatest common factor of 136706 and 29.
29
What is the greatest common factor of 44 and 1860?
4
Calculate the highest common divisor of 6 and 149.
1
What is the greatest common factor of 192 and 957952?
64
What is the greatest common factor of 329386 and 6751?
157
Calculate the highest common factor of 196 and 324772.
196
Calculate the highest common divisor of 186 and 49482.
6
Calculate the highest common divisor of 279 and 60481.
31
What is the greatest common factor of 128604 and 336?
84
What is the highest common factor of 1 and 10607?
1
What is the greatest common divisor of 46655 and 9610?
155
What is the greatest common divisor of 1535 and 39603?
307
Calculate the greatest common divisor of 43535 and 35.
5
Calculate the greatest common divisor of 202896 and 234.
18
Calculate the highest common factor of 544 and 5785168.
272
What is the highest common divisor of 18 and 5526?
18
Calculate the greatest common factor of 6233049 and 2802.
1401
What is the highest common factor of 302190 and 420?
210
What is the highest common divisor of 5344 and 354708?
668
Calculate the highest common factor of 284099 and 127.
127
Calculate the greatest common factor of 522180 and 4320.
540
Calculate the highest common divisor of 1977 and 39.
3
Calculate the highest common divisor of 17644 and 315988.
1604
Calculate the highest common factor of 123312 and 3.
3
Calculate the greatest common divisor of 1705 and 5335.
55
Calculate the greatest common divisor of 235 and 103353.
47
Calculate the greatest common divisor of 86 and 43387.
43
Calculate the greatest common divisor of 536 and 1352.
8
Calculate the highest common divisor of 2376 and 62568.
792
What is the greatest common divisor of 457343 and 31?
31
What is the greatest common factor of 5 and 22655?
5
What is the greatest common factor of 580 and 97220?
20
What is the highest common factor of 27765 and 180?
45
What is the highest common factor of 184 and 14372?
4
What is the greatest common factor of 1573 and 26499?
121
What is the highest common divisor of 13325 and 2132?
533
Calculate the highest common divisor of 1036 and 3848.
148
What is the highest common factor of 1029545 and 495?
55
Calculate the greatest common divisor of 698705 and 35.
35
What is the greatest common factor of 8903220 and 40?
20
What is the highest common factor of 3899 and 1561?
7
Calculate the highest common factor of 132245 and 25.
5
Calculate the highest common factor of 62020 and 140.
140
What is the greatest common factor of 76 and 87932?
76
Calculate the greatest common divisor of 10 and 138745.
5
Calculate the highest common factor of 440 and 13920.
40
What is the greatest common factor of 322 and 96166?
14
What is the highest common factor of 11600 and 51200?
400
Calculate the greatest common factor of 2640 and 1705.
55
Calculate the greatest common factor of 141368 and 328.
328
Calculate the greatest common factor of 2 and 101413.
1
What is the highest common divisor of 113578 and 436?
218
What is the greatest common divisor of 150 and 8490?
30
Calculate the greatest common divisor of 293962 and 1133.
103
Calculate the greatest common divisor of 180 and 94260.
60
Calculate the greatest common divisor of 123123 and 572.
143
What is the highest common divisor of 11470 and 1426?
62
Calculate the highest common divisor of 11481 and 30171.
267
What is the greatest common divisor of 35 and 2004625?
35
What is the highest common divisor of 1872 and 14157?
117
Calculate the highest common divisor of 139 and 352921.
139
What is the greatest common factor of 158702 and 3504?
146
Calculate the highest common factor of 3458 and 2546.
38
Calculate the highest common divisor of 2562 and 282.
6
What is the greatest common divisor of 1885 and 246065?
145
Calculate the greatest common factor of 4699 and 333.
37
Calculate the greatest common factor of 548 and 33428.
548
Calculate the greatest common divisor of 355900 and 100.
100
Calculate the greatest common factor of 1148 and 20992.
164
Calculate the highest common factor of 174307 and 2331.
259
Calculate the greatest common factor of 5296 and 16.
16
Calculate the greatest common factor of 9153 and 405.
81
Calculate the highest common factor of 20155217 and 17.
17
What is the highest common factor of 234096 and 96?
48
What is the greatest common divisor of 5054 and 518?
14
What is the highest common divisor of 84739 and 101?
101
Calculate the highest common divisor of 1 and 45439.
1
What is the greatest common divisor of 90 and 135144?
18
Calculate the highest common factor of 4444 and 184224.
404
Calculate the greatest common factor of 37 and 489029.
37
Calculate the highest common factor of 250 and 2717